{"id":22686,"date":"2025-12-16T01:12:15","date_gmt":"2025-12-16T00:12:15","guid":{"rendered":"https:\/\/staviori.com.pl\/product\/naszyjnik-z-naturalnych-korali-ze-srebrem-0-925-51cm\/"},"modified":"2026-02-11T00:10:03","modified_gmt":"2026-02-10T23:10:03","slug":"naszyjnik-z-naturalnych-korali-ze-srebrem-0-925-51cm","status":"publish","type":"product","link":"https:\/\/staviori.com.pl\/cs\/product\/naszyjnik-z-naturalnych-korali-ze-srebrem-0-925-51cm\/","title":{"rendered":"n\u00e1hrdeln\u00edk z p\u0159\u00edrodn\u00edch kor\u00e1lk\u016f se st\u0159\u00edbrem 0.925 | 51cm"},"content":{"rendered":"<p>Model: KOR2025<\/p>\n<p>Hmotnost: p\u0159ibli\u017en\u011b 30 g<\/p>\n<p>P\u0159\u00edrodn\u00ed kor\u00e1l<\/p>\n<p>St\u0159\u00edbro 0,925<\/p>\n<p>D\u00e9lka: 51 cm<\/p>","protected":false},"excerpt":{"rendered":"<p>V\u00fdrazn\u00e9 kor\u00e1lky z p\u0159\u00edrodn\u00edch kamen\u016f v intenzivn\u00edm \u010derven\u00e9m odst\u00ednu, prolamovan\u00e9 jemn\u00fdm st\u0159\u00edbrn\u00fdm akcentem. Nepravideln\u00fd tvar kamen\u016f dod\u00e1v\u00e1 n\u00e1hrdeln\u00edku jedine\u010dn\u00fd, um\u011bleck\u00fd charakter a \u010din\u00ed ka\u017ed\u00fd kus jedine\u010dn\u00fdm. Jedn\u00e1 se o \u0161perk, kter\u00fd p\u0159itahuje pohledy a dokonale podtrhuje ka\u017edodenn\u00ed i elegantn\u011bj\u0161\u00ed styl. Ide\u00e1ln\u00ed volba pro ty, kte\u0159\u00ed oce\u0148uj\u00ed p\u0159irozenou kr\u00e1su a nad\u010dasov\u00fd design.<\/p>","protected":false},"featured_media":22681,"comment_status":"open","ping_status":"closed","template":"","meta":{"om_disable_all_campaigns":false},"product_brand":[],"product_cat":[719,2133,145],"product_tag":[2907,7073,7069,7068,7070,7072,7071,7076,7074,7075,7077,7078,5858,4201,2427],"class_list":{"0":"post-22686","1":"product","2":"type-product","3":"status-publish","4":"has-post-thumbnail","6":"product_cat-naszyjniki","7":"product_cat-srebrne-naszyjniki","8":"product_cat-srebro","9":"product_tag-bizuteria-artystyczna","10":"product_tag-bizuteria-naturalna","11":"product_tag-korale-czerwone","12":"product_tag-korale-naturalne","13":"product_tag-korale-z-kamieni-naturalnych","14":"product_tag-korale-ze-srebrem","15":"product_tag-naszyjnik-z-kamieni-naturalnych","16":"product_tag-natursteinkette","17":"product_tag-necklace-natural-stones","18":"product_tag-red-stone-necklace","19":"product_tag-rote-korallen","20":"product_tag-schmuck-aus-natursteinen","21":"product_tag-silberschmuck","22":"product_tag-silver-necklace","23":"product_tag-srebro-925","25":"first","26":"instock","27":"sold-individually","28":"taxable","29":"shipping-taxable","30":"purchasable","31":"product-type-simple"},"aioseo_notices":[],"_links":{"self":[{"href":"https:\/\/staviori.com.pl\/cs\/wp-json\/wp\/v2\/product\/22686","targetHints":{"allow":["GET"]}}],"collection":[{"href":"https:\/\/staviori.com.pl\/cs\/wp-json\/wp\/v2\/product"}],"about":[{"href":"https:\/\/staviori.com.pl\/cs\/wp-json\/wp\/v2\/types\/product"}],"replies":[{"embeddable":true,"href":"https:\/\/staviori.com.pl\/cs\/wp-json\/wp\/v2\/comments?post=22686"}],"wp:featuredmedia":[{"embeddable":true,"href":"https:\/\/staviori.com.pl\/cs\/wp-json\/wp\/v2\/media\/22681"}],"wp:attachment":[{"href":"https:\/\/staviori.com.pl\/cs\/wp-json\/wp\/v2\/media?parent=22686"}],"wp:term":[{"taxonomy":"product_brand","embeddable":true,"href":"https:\/\/staviori.com.pl\/cs\/wp-json\/wp\/v2\/product_brand?post=22686"},{"taxonomy":"product_cat","embeddable":true,"href":"https:\/\/staviori.com.pl\/cs\/wp-json\/wp\/v2\/product_cat?post=22686"},{"taxonomy":"product_tag","embeddable":true,"href":"https:\/\/staviori.com.pl\/cs\/wp-json\/wp\/v2\/product_tag?post=22686"}],"curies":[{"name":"wp","href":"https:\/\/api.w.org\/{rel}","templated":true}]}}

náhrdelník z přírodních korálků se stříbrem 0.925 | 51cm

<p>Model: KOR2025</p>
<p>Hmotnost: přibližně 30 g</p>
<p>Přírodní korál</p>
<p>Stříbro 0,925</p>
<p>Délka: 51 cm</p>

<p>Výrazné korálky z přírodních kamenů v intenzivním červeném odstínu, prolamované jemným stříbrným akcentem. Nepravidelný tvar kamenů dodává náhrdelníku jedinečný, umělecký charakter a činí každý kus jedinečným. Jedná se o šperk, který přitahuje pohledy a dokonale podtrhuje každodenní i elegantnější styl. Ideální volba pro ty, kteří oceňují přirozenou krásu a nadčasový design.</p>
